3 - 33525301?
-33525304
In base 2, what is 100101100 - 10000110010110?
-10000001101010
In base 3, what is 10202120 + -200?
10201220
In base 3, what is 11 - -10102021010?
10102021021
In base 8, what is -6564 + 13?
-6551
In base 12, what is 6845 + 3?
6848
In base 9, what is -187 - -7404?
7206
In base 8, what is -42622 - 15?
-42637
In base 8, what is 14363 + -37?
14324
In base 3, what is 1111021020211 + 10?
1111021020221
In base 16, what is -1b696 - -4?
-1b692
In base 16, what is 41c3 + 80?
4243
In base 14, what is 190 + -4b?
143
In base 14, what is -59d + 39?
-564
In base 5, what is -4311 + 444?
-3312
In base 8, what is 3 - -21665?
21670
In base 4, what is 3 + -1020?
-1011
In base 15, what is -2 - 1c52?
-1c54
In base 16, what is 5 - -8120?
8125
In base 15, what is -149 + 2a1e?
28c5
In base 5, what is -2120 + -3212?
-10332
In base 12, what is -2a + a1?
73
In base 2, what is -101011 - 10000010111010010?
-10000010111111101
In base 13, what is c0 + 518?
608
In base 12, what is 229 + 2b4?
521
In base 2, what is -1111100101111001 - -111?
-1111100101110010
In base 10, what is 20 - 9443?
-9423
In base 3, what is -11121022102 + 212?
-11121021120
In base 9, what is 31 - 148366?
-148335
In base 11, what is 40 - -41731?
41771
In base 7, what is 10053 + -122?
6631
In base 5, what is 21 + 31314?
31340
In base 13, what is -a1 - 383?
-454
In base 5, what is -2424 - -240?
-2134
In base 13, what is -54 - 124?
-178
In base 3, what is -112101212 + -21?
-112102010
In base 16, what is 1568c - -1?
1568d
In base 7, what is 25420245 - -2?
25420250
In base 5, what is 1111424 - -1220?
1113144
In base 2, what is -11001011100 - 1100?
-11001101000
In base 9, what is -2 + -864526?
-864528
In base 8, what is -150721 - -1?
-150720
In base 10, what is 780 - 43?
737
In base 16, what is 698bb + -1?
698ba
In base 5, what is -20110 - 20?
-20130
In base 16, what is 25a6 - 2?
25a4
In base 15, what is 2476d9 - -3?
2476dc
In base 2, what is 10010101000111010 + -1?
10010101000111001
In base 7, what is 3200 + 1224?
4424
In base 3, what is -10102220 + 11010?
-10021210
In base 7, what is -506 - 11631?
-12440
In base 13, what is -109a86 - 5?
-109a8b
In base 7, what is 11 - 112161?
-112150
In base 5, what is 31122121 - -4?
31122130
In base 15, what is 39 + -4b8?
-47e
In base 7, what is 4 - -30225?
30232
In base 13, what is 6434 + 4?
6438
In base 10, what is 25940 - -7?
25947
In base 6, what is -144401551 - -5?
-144401542
In base 11, what is 2147343 - 3?
2147340
In base 15, what is 22 + -12a80?
-12a5d
In base 5, what is -2043 - 33320?
-40413
In base 8, what is -1 + 5514?
5513
In base 7, what is -4512 - 5?
-4520
In base 4, what is 1210 - 22022222?
-22021012
In base 5, what is 22222 + 22?
22244
In base 2, what is -101 - -111000101110110110001?
111000101110110101100
In base 15, what is -3 + 31339?
31336
In base 14, what is -38 + 5dad?
5d75
In base 13, what is -274628 + 3?
-274625
In base 7, what is 1 + -1013266?
-1013265
In base 16, what is 4c8f - 2d?
4c62
In base 16, what is 8 + -4483?
-447b
In base 9, what is 560 - -131?
701
In base 8, what is -3000 + -2066?
-5066
In base 15, what is -4e1 + -1226?
-1717
In base 10, what is -1 + -317506?
-317507
In base 3, what is 101 - -2220121?
2220222
In base 16, what is -3f - -6a01?
69c2
In base 15, what is 27 - -91a8?
91d0
In base 8, what is 10055 + 150?
10225
In base 8, what is -64617 + 5?
-64612
In base 11, what is 1047 + 33a?
1386
In base 4, what is -21231111 + 101?
-21231010
In base 14, what is -14a22 - 2?
-14a24
In base 8, what is 2144 + -1047?
1075
In base 4, what is 101123 - 201?
100322
In base 8, what is 5 - 20634?
-20627
In base 15, what is 449d - -5?
44a3
In base 15, what is a58b - -16?
a5a2
In base 2, what is -1000110100011101110001 + 11?
-1000110100011101101110
In base 15, what is -3 - -1251?
124d
In base 3, what is 1 + 10000101112?
10000101120
In base 10, what is -5 + -31549?
-31554
In base 5, what is 241 - 4034?
-3243
In base 9, what is 4 - -11620?
11624
In base 5, what is 11 + 224442333?
224442344
In base 6, what is -50 - 311?
-401
In base 4, what is 330222 + -11021?
313201
In base 13, what is 186b + 32?
18a0
In base 12, what is 17b + -943?
-784
In base 7, what is -252 + -10455?
-11040
In base 2, what is -1000010101 + -1110?
-1000100011
In base 2, what is -1 - -11010001100011101001?
11010001100011101000
In base 8, what is -2 + -461725?
-461727
In base 5, what is -1040 - -114?
-421
In base 15, what is 2abc + 2?
2abe
In base 2, what is -10 - 100001001111101?
-100001001111111
In base 7, what is -63661 - -1?
-63660
In base 15, what is -2 - -1149?
1147
In base 14, what is -3d481 + 3?
-3d47c
In base 5, what is -142104233 + 10?
-142104223
In base 16, what is -1f6 - 1d0?
-3c6
In base 13, what is -9534 - -2a?
-9507
In base 14, what is -160 - 32?
-192
In base 10, what is 10310 - -75?
10385
In base 15, what is 2e0c + -18?
2de4
In base 7, what is 560 + 42016?
42606
In base 8, what is -54211 + -165?
-54376
In base 6, what is -2051440 + -4?
-2051444
In base 10, what is 120308 - 1?
120307
In base 14, what is -116 - 357?
-46d
In base 15, what is -e - -21d?
20e
In base 8, what is -7450 + 1?
-7447
In base 14, what is 798 + 1b?
7b5
In base 11, what is -2745a84 - 3?
-2745a87
In base 15, what is -1b005 + -2?
-1b007
In base 11, what is -23 - -1711?
1699
In base 5, what is -122033 + -20?
-122103
In base 5, what is 30 + 410313?
410343
In base 3, what is 10000001 + -2022?
2220202
In base 3, what is -11101 - -1001010?
212202
In base 15, what is -80db - 27?
-8113
In base 16, what is 4269 - 8?
4261
In base 3, what is 10 - 12102111?
-12102101
In base 7, what is 1554 + -20?
1534
In base 14, what is -17c00 + 5?
-17bd9
In base 4, what is 100002012 - 1?
100002011
In base 9, what is 53 + -6765?
-6712
In base 16, what is -11f9 + 36?
-11c3
In base 4, what is 11102113131 - -1?
11102113132
In base 12, what is 18 - 65668?
-65650
In base 15, what is 195 + -19a?
-5
In base 12, what is -182 - -1b7b?
19b9
In base 11, what is -17724 - -8?
-17717
In base 16, what is 194 + -18?
17c
In base 8, what is -1163 + -47?
-1232
In base 6, what is -324 + -140?
-504
In base 15, what is 1aa - -450?
60a
In base 16, what is e007 - 0?
e007
In base 4, what is -1113223103 - -3?
-1113223100
In base 6, what is 5 - 1043152?
-1043143
In base 16, what is -50f9e - 1?
-50f9f
In base 13, what is 21 - 298?
-277
In base 6, what is 22 - 4320?
-4254
In base 7, what is -12415556 + 5?
-12415551
In base 12, what is -861a53 + 1?
-861a52
In base 7, what is 110 + 210064?
210204
In base 12, what is 930 + 1b?
94b
In base 16, what is 1890 - 54?
183c
In base 2, what is -101110011100 - -1100011?
-101100111001
In base 10, what is -5 + 10116?
10111
In base 16, what is -3692 + -4?
-3696
In base 9, what is 418 + -16800?
-16371
In base 15, what is -ba7 - -133?
-a74
In base 8, what is 3 - 3000162?
-3000157
In base 11, what is 57892 - 1?
57891
In base 7, what is -16626 - -23?
-16603
In base 6, what is 101053324 + 2?
101053330
In base 8, what is 3154 + -453?
2501
In base 16, what is -eb37 - -13?
-eb24
In base 14, what is 5b25 - -10?
5b35
In base 3, what is 122 - -210020000?
210020122
In base 2, what is -1100110010110111 + -110?
-1100110010111101
In base 2, what is -11010010000010000 - -1?
-11010010000001111
In base 3, what is -10200 - -10222110?
10211210
In base 15, what is 37 - 485?
-44d
In base 3, what is 21212200 - -1000?
21220200
In base 2, what is -1 + -11111110001101110?
-11111110001101111
In base 6, what is 141 - 24434?
-24253
In base 10, what is 197 - 9981?
-9784
In base 10, what is -34 - 549?
-583
In base 7, what is -30 + 11621?
11561
In base 11, what is 3 + -13650?
-13648
In base 12, what is 5 - 1369?
-1364
In base 14, what is 13a209 - 0?
13a209
In base 15, what is 5 + -21de6e?
-21de69
In base 4, what is 13031 - -3231?
22322
In base 16, what is 365 - -1c8?
52d
In base 16, what is 15f - -a6f?
bce
In base 8, what is -2 + 503263?
503261
In base 10, what is -11601 - 30?
-11631
In base 11, what is -66 + 5a69?
5a03
In base 9, what is 142 - -100?
242
In base 3, what is -2 - -2010201020?
2010201011
In base 9, what is 16 - -18386?
18413
In base 5, what is 1123 + -301?
322
In base 6, what is -111433302 + 2?
-111433300
In base 14, what is 407 - 101?
306
In base 2, what is 1001100010110111001100 + 10?
1001100010110111001110
In base